ulate 18 + -49 + 11 + 9.
-11
8 - (5 - (4 + (1 - -7)) - 5)
20
57 + -51 + (-14 - -8)
0
What is the value of -9 + -1 - -16 - 32 - (-3 - -2)?
-25
What is the value of -17 + 17 - (-5 + -1)?
6
What is -1381 + 1384 - ((1 - 1) + 2 + 2)?
-1
Evaluate 2 + -4 + -2 + -9 + 6.
-7
Calculate -6 + (7 - 5) - 0.
-4
-354 - -367 - (0 - -10)
3
What is the value of 4 + 23 + -14 + (-12 - -16)?
17
-5 + (-2 + 13 - 4)
2
What is the value of (18 - (42 + -25) - (1 - 5)) + -5?
0
Calculate -15 + 33 - -30 - 30.
18
-12 - -6 - -2 - -3
-1
What is -6 + -4 + (232 - 200)?
22
What is -9 + -5 + 2 - 3 - (-1 + -3)?
-11
What is the value of 7 - (-1 + -8 + 15)?
1
130 + -127 - (0 - (-1 + -4))
-2
Evaluate 5 - (-2 - -1 - (58 - 56)) - -2.
10
What is -16 - ((10 - 20 - (-4 - -4)) + 7)?
-13
Evaluate -12 + -2 - (-7 + (17 - 19)).
-5
What is 145 - 114 - (-1 + 12 + -1)?
21
8 - (-28 + (-8 - -21))
23
Evaluate -6 - (-77 + 82 - (11 - 1)).
-1
-6 - (5 - ((-3 - -3) + 22))
11
Calculate -1 - ((55 - 3) + -16 + -4).
-33
Evaluate -28 + 0 + 2 + (0 - (8 + -17)).
-17
(187 - 186) + -13 + -2
-14
What is (6 - (3 + (-17 - -6) + 3)) + -8?
3
What is the value of 6 + (11 - (3 + 1) - 3)?
10
(-4 - 24) + (10 - (-7 - -18))
-29
Calculate -5 + ((23 - (13 + -6)) + -7 - -23).
27
Calculate 1 + (-1 - 1) + (30 - 21) + -6.
2
Evaluate (-1 - -3) + (13 - (15 - -17) - -42).
25
What is -7 - ((8 - (17 - 0) - 33) + 6)?
29
Evaluate 0 + -12 + 288 + -267 + -22.
-13
Evaluate 16 - (1 - (-2 - (-3 - (-11 + 6)))).
11
What is the value of (9 - 0) + (9 + -20 + 24 - 19)?
3
(2 - -3) + -1 + -10 + 16
10
Evaluate (-8 - -1) + (-52 - -87) + -45.
-17
Evaluate -15 + (-3 - -1) + (14 - (5 + 5)).
-13
What is (-1 - -11) + (166 - 162)?
14
What is -2 + (1 - -2) + -18 + 8 + 8?
-1
Evaluate 3 - (-6 - (-26 - (7 + 1) - 4)).
-29
Evaluate -12 + 3 - (-24 + (18 - -15)).
-18
What is the value of 4 - (3 + (-12 - 0))?
13
0 - -11 - (130 + -103)
-16
7 - (20 + 16 + -29)
0
Evaluate (-11 - (-15 + 6 + -1 - -4)) + 4.
-1
What is the value of -1 + (10 - (-9 + 3)) - 9?
6
What is (-33 - (-29 + -5)) + 6 + 2?
9
What is the value of 14 - (12 - (21 + -11 + -5))?
7
What is (20 - (7 + 2)) + 0?
11
(-7 - -6) + (-1 - -2 - 4) - 7
-11
What is the value of 147 - 146 - (1 - 0 - (2 + -2))?
0
Calculate -22 + 0 - (410 - 444).
12
Evaluate (0 - 4) + (16 - 8) + 19.
23
Evaluate 20 + -10 + (-7 - -8).
11
Evaluate -3 - (12 + 14 - 17).
-12
-19 - (-9 + 2 + -29 + 28)
-11
Evaluate (-61 - -56) + (-1 - (-6 - -4)).
-4
What is the value of 24 + -4 - 0 - 40?
-20
-6 - -5 - ((9 - 7) + -4)
1
What is the value of 73 - 75 - ((0 - -3) + -30)?
25
Calculate (2 - (5 + -14)) + 1 + -1.
11
Calculate -11 + (-12 - (-11 - (1 - -6))).
-5
5 + (10 + -10 - (8 + -1))
-2
What is -12 - (-5 + 7) - (7 - 9)?
-12
What is the value of -26 + (9 - (-13 + 15))?
-19
What is -8 + 15 + 13 - 57 - -8?
-29
(447 - 454) + (1 - 1 - (-20 + -4))
17
Calculate 0 - -6 - (-33 - (-11 - 16)).
12
-172 + 160 + (-1 - -14)
1
Calculate 3 - (1 + 4 - (40 + -36)) - 5.
-3
Calculate -8 + 10 + -3 - -24.
23
Evaluate 69 + -83 - ((-3 - 0) + -41).
30
Calculate -58 + (28 - (11 + -25)).
-16
What is -594 + 618 - (1 - -16)?
7
What is 2 + 2 + (2 - 18) - -4?
-8
What is the value of (-16 - 2 - (-2 - (12 + -14))) + 5?
-13
What is -21 + (-9 - (1 + -10)) + 5?
-16
Calculate (9 - (-7 - 3)) + 6 + (-6 - 0).
19
What is the value of (-4 - ((-8 - -9) + 3 - 0)) + 22?
14
What is the value of -5 + (17 - (9 + -3)) - 2?
4
What is -26 - (-12 + -1 - (24 - 32))?
-21
What is -25 + (1 + -6 - -29)?
-1
Evaluate 4 - (-4 + 2 + (-23 - 2 - -29)).
2
Evaluate -9 - (-9 - (0 + 10)).
10
-5 + (4 - -5) - (4 - -3) - 1
-4
Evaluate 26 + -40 + 38 - 13.
11
(10 - 8) + -9 - (-14 - -2) - 6
-1
Evaluate 24 - 13 - 4 - (3 - -8 - 1).
-3
What is the value of (-1 - 21 - -1) + -21 + 25?
-17
What is the value of (22 - 12) + -5 - (0 + 10 - -1)?
-6
Calculate -7 + -27 + 18 + 21.
5
What is 11 + -17 + -6 + 4 + (-1 - 0)?
-9
Evaluate (8 + 7 - 4 - 4) + -15.
-8
Evaluate 16 + 0 - (-1127 + 1147).
-4
-31 + -1 + 17 + 15
0
-18 - (2 - -4 - (6 + (10 - 11)))
-19
What is the value of -14 + 11 + -27 + 12 + 10 + -2?
-10
1 + -2 + (9 - (1 - (-3 + -8)))
-4
What is 4 - 21 - -41 - 15?
9
What is -20 - (-20 - (-4 - -10))?
6
What is 7 + -2 + (1 - -4 - 8) + -3?
-1
Evaluate 26 + -40 - (-3 - (0 + 0)) - -4.
-7
Calculate -6 + (-39 - -19 - -6).
-20
Evaluate -18 + (8 - 1) + 16.
5
Evaluate (-2 - 5 - -11) + 4.
8
Calculate 19 + -11 + (-37 + 15 - (5 - 1)).
-18
Calculate (-3 - 0) + -4 + 1 + 18 + 1.
13
2 + -6 + (-14 - (-9 + -3)) - 1
-7
What is the value of -1 - -2 - (-1 + 10 - (131 + -140))?
-17
Evaluate -7 + -3 + -1 + -8 + -4 + 3.
-20
-2 - (0 - (12 + -19))
-9
Evaluate (-10 - 3) + 12 + 1.
0
Calculate (13 - 18 - (-2 + 7)) + 21.
11
Evaluate -1 + -4 + 0 - ((-6 - 5) + 8).
-2
Evaluate (-29 - -9) + 20 + (-2 - 0).
-2
What is the value of 7 + -11 + -2 + 2?
-4
Evaluate -301 + 310 + 0 + -4.
5
What is the value of -11 + (-1 + -4 - -13) + -10?
-13
16 - (63 + -30 + 1 + 10)
-28
Evaluate 19 - ((-11 - -5) + 13).
12
Evaluate 2 - (4 + 9) - (-43 - -56).
-24
What is the value of 2 + 2 - (58 + -44)?
-10
(0 - (0 - 4)) + -69 + 25 + 33
-7
Evaluate (17 - 17) + -2 + (1 - (2 + -17)).
14
Evaluate -2 + 2 + 12 + (10 - (-3 + 22)).
3
-1 + ((-1 + -4 - 0) + 4 - 6)
-8
Calculate (-14 - 4 - -8) + 15 - 32.
-27
(-17 - -30) + 2 + -19
-4
Evaluate 49 - (13 + 20 + -9).
25
-10 - 1 - (-32 + 19 + -1)
3
Evaluate -3 + 8 + -18 + -1 + 6.
-8
Evaluate 9 - 12 - (-10 + 14 + -6).
-1
What is the value of 0 + (10 - 18) + 21?
13
What is 10 + (-5 - 2 - -6) - 1?
8
Calculate (26 + -9 - 12 - (-1 + 14)) + 18.
10
-1 - (4 - 7) - (0 + -4)
6
-6 + -13 + (27 - 6)
2
Calculate 0 + -3 + -133 + 149 + (0 - -3).
16
Calculate 6 + -23 + 16 - (-3 + -4).
6
Calculate (14 - -14 - -20) + -56.
-8
Calculate (-10 - -16) + 4 + -11 + -1 + 2.
0
What is -6 + -19 + 8 - (-1 + -2 - 1)?
-13
Evaluate (-14 - 9) + (15 - 1).
-9
What is 17 + -6 - (-13 + 7 - -5)?
12
Calculate -19 + (0 - ((-108 - -114) + 0 + -1)).
-24
Evaluate (-2 - -7) + 3 + 388 + -377.
19
What is (-5 - -1 - (-18 + 25)) + -1?
-12
Calculate (20 - -5 - 20) + (-16 - -1).
-10
What is the value of -9 + (1 - -41) + (520 - 538)?
15
What is -2 + (5 - (-8 + (7 - (-8 + 0))))?
-4
What is the value of 8 - (-23 + (31 - 21))?
21
What is (-1 - (-8 + 13)) + -2 + -8 + -10?
-26
What is the value of -42 + 65 + -25 - 7?
-9
Evaluate (9 - ((3 - 6) + 12)) + (1 - -24).
25
Calculate -53 - (-18 + -2) - (-2 - 13).
-18
Evaluate 10 + -14 - (6 - 11 - -2).
-1
What is the value of 12 + 0 + -1343 + 1314?
-17
What is -5 - (-3 + 27 + -14 + -20)?
5
What is the value of -22 + -5 + -5 + 27?
-5
Evaluate 37 + (-12 + 5 - 28).
2
(1 + -3 - 0) + 2 + 43 + -30
13
Evaluate -5 + -1 + -4 + 11 - -1.
2
37 + -42 + 11 + (-1 - (2 - 2))
5
-769 + 755 + (12 - -1)
-1
What is the value of 8 + 7 + 9 + -3?
21
Evaluate -23 - (26 + -1 + -39).
-9
Calculate (23 - (5 + 15)) + (-2 + 2 - -4).
7
-11 - -8 - 12 - -21
6
What is -24 - (2 + -24) - (-1 - -8) - 14?
-23
1 + 1 + 1 - (-12 + 15)
0
What is the value of -3 + 1 + (-12 - 0) + -8 + 12?
-10
Calculate (-8 - -8 - 20) + (-1 - -11).
-10
What is 17 + 0 - (-7 - -6 - -7)?
11
What is the value of 20 - 14 - (-7 + (-5 - -8))?
10
Calculate (42 - (32 - 12)) + -32.
-10
(38 - 30 - (0 + -21)) + -12
17
Calculate -5 - (-1 + 6 + -8 - (-2 + 5)).
1
6 + (3 - (5 + 0 + (14 - 7)))
-3
What is -2 - (3 + 5 + (-10 - 4))?
4
What is (-28 - (-15 + -20)) + (4 - 1 - -1)?
11
-2 - ((-10 - 3) + -3 + 14)
0
(2 - 14) + -14 + 24 + -20
-22
Evaluate 9 + (7 + -7 - (-3 + (9 - -14))).
-11
What is the value of -5 - -4 - (-110 - -105)?
4
Calculate -5 - 0 - (31 - 39 - -16).
-13
What is the value of 45 - (22 + -29 - (-24 - -5))?
33
What is the value of (4 - 13) + 7 + 9 + 5 + 2?
14
What is (25 - -10) + -19 + -19?
-3
What is (-1 - (-2 - -13)) + 10 + (-30 - -20)?
-12
Calculate (3 + -3 - 5) + (-9 - -22).
8
What is -61 + 75 + (0 - 30)?
-16
What is -28 - (-7 - (28 - -6))?
13
What is the value of 21 + 30 + -48 + (1 - -4 - -1)?
9
What is the value of -15 + 5 + 29 + -20?
-1
Calculate -29 + (-12 - -25) + 10 + -9.
-15
-11 - (-7 - (-29 - -14))
-19
Evaluate 16 - (-7 - (-7 - -10) - (4 + -22)).
8
What is 6 - ((3 - 9) + 17) - -10?
5
What is the value of 9 - (-2 - ((4 - 13) + -15))?
-13
Calculate -26 + (-5 - (0 - 13)).
-18
Evaluate (-6 - (2 - 10)) + -8 + 0 + -6.
-12
Evaluate 0 + 4 - (-5 - (0 + -4 + 6)).
11
Evaluate 21 + -27 + (0 - -5).
-1
-9 - (4 - 23 - -28)
-18
What is (0 - -9) + 